{"id":376,"date":"2023-11-23T07:44:45","date_gmt":"2023-11-23T07:44:45","guid":{"rendered":"http:\/\/www.psbern.ch\/?page_id=376"},"modified":"2023-11-23T07:51:41","modified_gmt":"2023-11-23T07:51:41","slug":"2023-2","status":"publish","type":"page","link":"https:\/\/www.psbern.ch\/index.php\/2023-2\/","title":{"rendered":"2023"},"content":{"rendered":"\t\t<div data-elementor-type=\"wp-page\" data-elementor-id=\"376\" class=\"elementor elementor-376\" data-elementor-settings=\"[]\">\n\t\t\t\t\t\t<div class=\"elementor-inner\">\n\t\t\t\t\t\t\t<div class=\"elementor-section-wrap\">\n\t\t\t\t\t\t\t<section class=\"elementor-section elementor-top-section elementor-element elementor-element-d1df872 elementor-section-boxed elementor-section-height-default elementor-section-height-default\" data-id=\"d1df872\" data-element_type=\"section\">\n\t\t\t\t\t\t<div class=\"elementor-container elementor-column-gap-default\">\n\t\t\t\t\t\t\t<div class=\"elementor-row\">\n\t\t\t\t\t<div class=\"elementor-column elementor-col-100 elementor-top-column elementor-element elementor-element-a7423f8\" data-id=\"a7423f8\" data-element_type=\"column\">\n\t\t\t<div class=\"elementor-column-wrap elementor-element-populated\">\n\t\t\t\t\t\t\t<div class=\"elementor-widget-wrap\">\n\t\t\t\t\t\t<div class=\"elementor-element elementor-element-12de62c elementor-widget elementor-widget-text-editor\" data-id=\"12de62c\" data-element_type=\"widget\" data-widget_type=\"text-editor.default\">\n\t\t\t\t<div class=\"elementor-widget-container\">\n\t\t\t\t\t<div class=\"elementor-text-editor elementor-clearfix\"><p><strong>Osteuropa<\/strong><\/p><p>Unterst\u00fctzung von Projekten in Tschechien, Ungarn und Italien.<\/p><p><strong>Evangelisch-reformierte Kirche des Wallis<\/strong><\/p><p>Unterst\u00fctzung der Gef\u00e4ngnisseelsorge.<\/p><p><strong>Tourismuspfarrstelle Oberwallis<\/strong><\/p><p>Mitfinanzierung einer Teilzeitstelle sowie die Durchf\u00fchrung von reformierten Gottesdiensten in Kurorten.<\/p><p><strong>Unterrichtsfonds der Evangelisch-reformierten Landeskirche im Tessin<\/strong><\/p><p>Unterst\u00fctzung f\u00fcr den Religionsunterricht an den \u00f6ffentlichen Primarschulen im Kanton Tessin.<\/p><p>Mitfinanzierung der reformierten Seelsorge im Bundes-asylzentrum (BAZ) in Chiasso.<\/p><p><strong>Bernische Stiftung f\u00fcr Taufzettel<\/strong><\/p><p>Unterst\u00fctzung zur Erhaltung der Sammlung von Taufzetteln und Errichtung einer Homepage der Stiftung.<\/p><p><strong>Reformierte Kirche der Freiberge<\/strong><\/p><p>Beitrag an die neue Orgel in der Kirche von Saignel\u00e9gier.<\/p><p><strong>Gesuche der Kirchgemeinden Habkern und Villeret (BE) <\/strong><\/p><p>Unterst\u00fctzung bei Renovation der Kirchen.<\/p><p>\u00a0<\/p><p><strong>Gesuche der Kirchgemeinden D\u00fcdingen (FR), Peseux (NE) und Schangnau<\/strong><\/p><p>Beitr\u00e4ge an die Renovationen der Kirchgemeindeh\u00e4user in D\u00fcdingen und Peseux und Umbau des alten Schulhauses zum Kirchgemeindehaus in Schangnau.<\/p><p><strong>Evangelisch-reformierte Kirchgemeinde Langnau<\/strong><\/p><p>Unterst\u00fctzung des anl\u00e4sslich des 350 Jahre Jubil\u00e4ums geplanten Theaterprojekts.<\/p><\/div>\n\t\t\t\t<\/div>\n\t\t\t\t<\/div>\n\t\t\t\t\t\t<\/div>\n\t\t\t\t\t<\/div>\n\t\t<\/div>\n\t\t\t\t\t\t\t\t<\/div>\n\t\t\t\t\t<\/div>\n\t\t<\/section>\n\t\t\t\t\t\t<\/div>\n\t\t\t\t\t\t<\/div>\n\t\t\t\t\t<\/div>\n\t\t","protected":false},"excerpt":{"rendered":"<p>Osteuropa Unterst\u00fctzung von Projekten in Tschechien, Ungarn und Italien. Evangelisch-reformierte Kirche des Wallis Unterst\u00fctzung der Gef\u00e4ngnisseelsorge. Tourismuspfarrstelle Oberwallis Mitfinanzierung einer Teilzeitstelle sowie die Durchf\u00fchrung von reformierten Gottesdiensten in Kurorten. Unterrichtsfonds der Evangelisch-reformierten Landeskirche im Tessin Unterst\u00fctzung f\u00fcr den Religionsunterricht an den \u00f6ffentlichen Primarschulen im Kanton Tessin. Mitfinanzierung der reformierten Seelsorge im Bundes-asylzentrum (BAZ) in Chiasso. Bernische Stiftung f\u00fcr Taufzettel Unterst\u00fctzung zur Erhaltung der Sammlung von Taufzetteln und Errichtung einer Homepage der Stiftung. Reformierte Kirche der Freiberge Beitrag an die neue Orgel in der Kirche von Saignel\u00e9gier. Gesuche der Kirchgemeinden Habkern und Villeret (BE) Unterst\u00fctzung bei Renovation der Kirchen. \u00a0 Gesuche der Kirchgemeinden D\u00fcdingen (FR), Peseux (NE) und Schangnau Beitr\u00e4ge an die Renovationen der Kirchgemeindeh\u00e4user in D\u00fcdingen und Peseux und Umbau des alten Schulhauses zum Kirchgemeindehaus in Schangnau. Evangelisch-reformierte Kirchgemeinde Langnau Unterst\u00fctzung des anl\u00e4sslich des 350 Jahre Jubil\u00e4ums geplanten Theaterprojekts.<\/p>\n","protected":false},"author":1,"featured_media":0,"parent":0,"menu_order":0,"comment_status":"closed","ping_status":"closed","template":"","meta":{"footnotes":""},"_links":{"self":[{"href":"https:\/\/www.psbern.ch\/index.php\/wp-json\/wp\/v2\/pages\/376"}],"collection":[{"href":"https:\/\/www.psbern.ch\/index.php\/wp-json\/wp\/v2\/pages"}],"about":[{"href":"https:\/\/www.psbern.ch\/index.php\/wp-json\/wp\/v2\/types\/page"}],"author":[{"embeddable":true,"href":"https:\/\/www.psbern.ch\/index.php\/wp-json\/wp\/v2\/users\/1"}],"replies":[{"embeddable":true,"href":"https:\/\/www.psbern.ch\/index.php\/wp-json\/wp\/v2\/comments?post=376"}],"version-history":[{"count":7,"href":"https:\/\/www.psbern.ch\/index.php\/wp-json\/wp\/v2\/pages\/376\/revisions"}],"predecessor-version":[{"id":385,"href":"https:\/\/www.psbern.ch\/index.php\/wp-json\/wp\/v2\/pages\/376\/revisions\/385"}],"wp:attachment":[{"href":"https:\/\/www.psbern.ch\/index.php\/wp-json\/wp\/v2\/media?parent=376"}],"curies":[{"name":"wp","href":"https:\/\/api.w.org\/{rel}","templated":true}]}}