{"id":80,"date":"2019-12-27T21:50:36","date_gmt":"2019-12-27T21:50:36","guid":{"rendered":"http:\/\/www.psbern.ch\/?page_id=80"},"modified":"2023-01-20T09:27:51","modified_gmt":"2023-01-20T09:27:51","slug":"mitglied-werden","status":"publish","type":"page","link":"https:\/\/www.psbern.ch\/index.php\/mitglied-werden\/","title":{"rendered":"Mitglied werden?"},"content":{"rendered":"\t\t<div data-elementor-type=\"wp-page\" data-elementor-id=\"80\" class=\"elementor elementor-80\" data-elementor-settings=\"[]\">\n\t\t\t\t\t\t<div class=\"elementor-inner\">\n\t\t\t\t\t\t\t<div class=\"elementor-section-wrap\">\n\t\t\t\t\t\t\t<section class=\"elementor-section elementor-top-section elementor-element elementor-element-1e43379e elementor-section-boxed elementor-section-height-default elementor-section-height-default\" data-id=\"1e43379e\" data-element_type=\"section\">\n\t\t\t\t\t\t<div class=\"elementor-container elementor-column-gap-default\">\n\t\t\t\t\t\t\t<div class=\"elementor-row\">\n\t\t\t\t\t<div class=\"elementor-column elementor-col-100 elementor-top-column elementor-element elementor-element-1a5e2baf\" data-id=\"1a5e2baf\" data-element_type=\"column\">\n\t\t\t<div class=\"elementor-column-wrap elementor-element-populated\">\n\t\t\t\t\t\t\t<div class=\"elementor-widget-wrap\">\n\t\t\t\t\t\t<div class=\"elementor-element elementor-element-3eb9d72 elementor-widget elementor-widget-spacer\" data-id=\"3eb9d72\" data-element_type=\"widget\" data-widget_type=\"spacer.default\">\n\t\t\t\t<div class=\"elementor-widget-container\">\n\t\t\t\t\t<div class=\"elementor-spacer\">\n\t\t\t<div class=\"elementor-spacer-inner\"><\/div>\n\t\t<\/div>\n\t\t\t\t<\/div>\n\t\t\t\t<\/div>\n\t\t\t\t<div class=\"elementor-element elementor-element-176d8ae3 elementor-widget elementor-widget-text-editor\" data-id=\"176d8ae3\" data-element_type=\"widget\" data-widget_type=\"text-editor.default\">\n\t\t\t\t<div class=\"elementor-widget-container\">\n\t\t\t\t\t<div class=\"elementor-text-editor elementor-clearfix\"><p>Eine Mitgliedschaft bei uns ist sowohl f\u00fcr Kirchgemeinden und Institutionen als auch f\u00fcr Einzelmitglieder m\u00f6glich.<\/p><p>Mitgliederbeitrag f\u00fcr<\/p><p>Kirchgemeinde \u00a0bis 500 Mitglieder Fr. 100.00<\/p><p>Kirchgemeinden mit 501 &#8211; 1000 Mitgliedern Fr. 150.00<\/p><p>Kirchgemeinden mit 1001 &#8211; 2000 Mitgliedern Fr. 250.00<\/p><p>Kirchgemeinden mit 2001 &#8211; 3000 Mitgliedern Fr. 350.00<\/p><p>Kirchgemeinden mit 3001 &#8211; 5000 Mitgliedern Fr. 450.00<\/p><p>Kirchgemeinden mit 5001 &#8211; 10&#8217;000 Mitgliedern Fr. 750.00<\/p><p>Kirchgemeinden mit \u00fcber 10&#8217;000 Mitgliedern Fr. 1500.00<\/p><p>Mitgliederbeitrag Einzelperson: Fr. 20.&#8211;\/Kollektivmitglieder\/Vereinigungen mindestens Fr. 100.&#8211;<\/p><p>Anmeldungen an:<\/p><p>Andreas Zeller (<a href=\"mailto:andreas.zeller20@gmx.ch\"><b>andreas.zeller20(at)gmx.ch<\/b><\/a>, 031 721 96 27)<\/p><\/div>\n\t\t\t\t<\/div>\n\t\t\t\t<\/div>\n\t\t\t\t\t\t<\/div>\n\t\t\t\t\t<\/div>\n\t\t<\/div>\n\t\t\t\t\t\t\t\t<\/div>\n\t\t\t\t\t<\/div>\n\t\t<\/section>\n\t\t\t\t<section class=\"elementor-section elementor-top-section elementor-element elementor-element-a9faacb elementor-section-boxed elementor-section-height-default elementor-section-height-default\" data-id=\"a9faacb\" data-element_type=\"section\">\n\t\t\t\t\t\t<div class=\"elementor-container elementor-column-gap-default\">\n\t\t\t\t\t\t\t<div class=\"elementor-row\">\n\t\t\t\t\t<div class=\"elementor-column elementor-col-100 elementor-top-column elementor-element elementor-element-b7f025b\" data-id=\"b7f025b\" data-element_type=\"column\">\n\t\t\t<div class=\"elementor-column-wrap elementor-element-populated\">\n\t\t\t\t\t\t\t<div class=\"elementor-widget-wrap\">\n\t\t\t\t\t\t<div class=\"elementor-element elementor-element-f87f54b elementor-widget elementor-widget-spacer\" data-id=\"f87f54b\" data-element_type=\"widget\" data-widget_type=\"spacer.default\">\n\t\t\t\t<div class=\"elementor-widget-container\">\n\t\t\t\t\t<div class=\"elementor-spacer\">\n\t\t\t<div class=\"elementor-spacer-inner\"><\/div>\n\t\t<\/div>\n\t\t\t\t<\/div>\n\t\t\t\t<\/div>\n\t\t\t\t\t\t<\/div>\n\t\t\t\t\t<\/div>\n\t\t<\/div>\n\t\t\t\t\t\t\t\t<\/div>\n\t\t\t\t\t<\/div>\n\t\t<\/section>\n\t\t\t\t\t\t<\/div>\n\t\t\t\t\t\t<\/div>\n\t\t\t\t\t<\/div>\n\t\t","protected":false},"excerpt":{"rendered":"<p>Eine Mitgliedschaft bei uns ist sowohl f\u00fcr Kirchgemeinden und Institutionen als auch f\u00fcr Einzelmitglieder m\u00f6glich. Mitgliederbeitrag f\u00fcr Kirchgemeinde \u00a0bis 500 Mitglieder Fr. 100.00 Kirchgemeinden mit 501 &#8211; 1000 Mitgliedern Fr. 150.00 Kirchgemeinden mit 1001 &#8211; 2000 Mitgliedern Fr. 250.00 Kirchgemeinden mit 2001 &#8211; 3000 Mitgliedern Fr. 350.00 Kirchgemeinden mit 3001 &#8211; 5000 Mitgliedern Fr. 450.00 Kirchgemeinden mit 5001 &#8211; 10&#8217;000 Mitgliedern Fr. 750.00 Kirchgemeinden mit \u00fcber 10&#8217;000 Mitgliedern Fr. 1500.00 Mitgliederbeitrag Einzelperson: Fr. 20.&#8211;\/Kollektivmitglieder\/Vereinigungen mindestens Fr. 100.&#8211; Anmeldungen an: Andreas Zeller (andreas.zeller20(at)gmx.ch, 031 721 96 27)<\/p>\n","protected":false},"author":1,"featured_media":0,"parent":0,"menu_order":0,"comment_status":"closed","ping_status":"closed","template":"","meta":{"footnotes":""},"_links":{"self":[{"href":"https:\/\/www.psbern.ch\/index.php\/wp-json\/wp\/v2\/pages\/80"}],"collection":[{"href":"https:\/\/www.psbern.ch\/index.php\/wp-json\/wp\/v2\/pages"}],"about":[{"href":"https:\/\/www.psbern.ch\/index.php\/wp-json\/wp\/v2\/types\/page"}],"author":[{"embeddable":true,"href":"https:\/\/www.psbern.ch\/index.php\/wp-json\/wp\/v2\/users\/1"}],"replies":[{"embeddable":true,"href":"https:\/\/www.psbern.ch\/index.php\/wp-json\/wp\/v2\/comments?post=80"}],"version-history":[{"count":8,"href":"https:\/\/www.psbern.ch\/index.php\/wp-json\/wp\/v2\/pages\/80\/revisions"}],"predecessor-version":[{"id":367,"href":"https:\/\/www.psbern.ch\/index.php\/wp-json\/wp\/v2\/pages\/80\/revisions\/367"}],"wp:attachment":[{"href":"https:\/\/www.psbern.ch\/index.php\/wp-json\/wp\/v2\/media?parent=80"}],"curies":[{"name":"wp","href":"https:\/\/api.w.org\/{rel}","templated":true}]}}